2?
-6733861
In base 5, what is 11 - -31300022423?
31300022434
In base 2, what is 1100010101111000101 + -110001?
1100010101110010100
In base 6, what is -5421 - 21215434?
-21225255
In base 9, what is -1 + 24024785?
24024784
In base 10, what is 990654 - -2?
990656
In base 13, what is 16 - -91bb7?
91c00
In base 6, what is 11 - 4124022015?
-4124022004
In base 5, what is 3 - -2334243043?
2334243101
In base 7, what is 60 - 26426654?
-26426564
In base 13, what is 1 - 8a767c?
-8a767b
In base 3, what is 200100111222201212 - -10?
200100111222201222
In base 5, what is 1 - -221424143?
221424144
In base 6, what is 35425 + 2130?
41555
In base 2, what is -11 - -10001110111010011011001000?
10001110111010011011000101
In base 9, what is -2665 - 4368?
-7144
In base 3, what is -101201221 - 11211212?
-120120210
In base 13, what is 1024313b - 3?
10243138
In base 3, what is -100011021 + -1100010220?
-1200022011
In base 7, what is 2600243 + -3121?
2564122
In base 5, what is -21003 + 32404321?
32333313
In base 7, what is 106332644 + -2?
106332642
In base 13, what is -71229 - -9?
-71220
In base 14, what is -1332709 + -1?
-133270a
In base 15, what is 1232 + b4b?
1d7d
In base 14, what is cd9 - 2d22?
-2027
In base 6, what is -3 - 44140554?
-44141001
In base 13, what is -1a134b3c + 0?
-1a134b3c
In base 5, what is -21024 - 13040?
-34114
In base 7, what is -333615423 + 1?
-333615422
In base 12, what is -2463528 + -1?
-2463529
In base 11, what is 46966 - 59?
46908
In base 7, what is -2532205 + 146?
-2532026
In base 10, what is -41 + 82341?
82300
In base 16, what is c3d6 - 486?
bf50
In base 7, what is -1452 - -123446?
121664
In base 10, what is 666 + 2088?
2754
In base 10, what is 1148955 - 21?
1148934
In base 11, what is -15211 - -428?
-14894
In base 13, what is 5 + 1960cbb?
1960cc3
In base 11, what is -32a288436 - 5?
-32a288440
In base 10, what is -2634 + -169?
-2803
In base 11, what is -a02a + 3471?
-6669
In base 8, what is -3374 - -673042?
667446
In base 6, what is -111032 - 42525?
-154001
In base 16, what is -9 + f9f74?
f9f6b
In base 15, what is ab4c8 + 143?
ab61b
In base 9, what is 6516008 + -77?
6515821
In base 4, what is 2 + 320312202010?
320312202012
In base 2, what is -110010000111101011010 + 10011001?
-110010000111011000001
In base 5, what is 3 + 420123340?
420123343
In base 12, what is 16391 + 1b?
163b0
In base 2, what is 1100011 + 1000101011011010?
1000101100111101
In base 16, what is 14 - 23ab94?
-23ab80
In base 4, what is 1 + -2311310332330?
-2311310332323
In base 15, what is 97 + -222a3?
-2220b
In base 15, what is 33 - -2b8855?
2b8888
In base 2, what is -11111 + -111010001010000010101?
-111010001010000110100
In base 13, what is 52b + -10a1b?
-104c0
In base 12, what is -8baa + bba?
-7bb0
In base 9, what is 18204 + -206?
17887
In base 7, what is -254 + 1503602?
1503315
In base 12, what is -129a9 - -1757?
-11252
In base 6, what is 20152114 - 133?
20151541
In base 7, what is -24 - -264032?
264005
In base 9, what is 1535 + -222052?
-220416
In base 14, what is 5 + 1abc895?
1abc89a
In base 13, what is -2b2c6 - -4b00?
-264c6
In base 16, what is 2 + -56f84f?
-56f84d
In base 4, what is -223012210 + -12100?
-223030310
In base 8, what is 73157 - -622?
74001
In base 5, what is 222 + 21122223?
21123000
In base 14, what is 4188 - 19a7?
25c1
In base 3, what is 10200020222220012 - 12?
10200020222220000
In base 6, what is -140003 + -4204?
-144211
In base 12, what is 12 - 105253?
-105241
In base 10, what is -869 - -4571?
3702
In base 15, what is -583 + 16716?
16183
In base 4, what is 2 - 12211132111313?
-12211132111311
In base 10, what is 4646 + 42169?
46815
In base 4, what is 21 + -11002111311?
-11002111230
In base 9, what is -10410331 - 3?
-10410334
In base 16, what is 1 - ad64c74?
-ad64c73
In base 9, what is 2 - -3116576?
3116578
In base 9, what is -36614 + -2070?
-38684
In base 5, what is 2 + 2142433320?
2142433322
In base 3, what is 102112211212021 - -121?
102112211212212
In base 14, what is 22172794 + 3?
22172797
In base 10, what is 62 - 29953?
-29891
In base 13, what is -6b4635 - -14?
-6b4621
In base 6, what is 2152343514 - -4?
2152343522
In base 13, what is -52 + 16a124?
16a0a2
In base 9, what is 0 - -80833?
80833
In base 13, what is -1229c + 1600?
-1099c
In base 13, what is 2 - 2553aa17?
-2553aa15
In base 2, what is -11001111011010 - -1101011010010101?
1010001010111011
In base 12, what is -1b + 43a5b62?
43a5b43
In base 9, what is 865 + 273626?
274602
In base 6, what is -12205405 - 4205?
-12214014
In base 8, what is 67 - -57642?
57731
In base 4, what is -1 - -232210033033?
232210033032
In base 13, what is 4 - -266429c5?
266429c9
In base 8, what is 36301 - -3646?
42147
In base 11, what is 340609 + 17?
340625
In base 4, what is -21011 + 33020032?
32333021
In base 5, what is -4 + 22440430104?
22440430100
In base 4, what is -3 - 21201233?
-21201302
In base 2, what is -110 + -1010110011111001010111110000?
-1010110011111001010111110110
In base 15, what is -1b129 + 3326?
-17d03
In base 9, what is 11 + 14153168?
14153180
In base 16, what is -6056f + a?
-60565
In base 3, what is 11 - 100200101112102?
-100200101112021
In base 11, what is -207097 + 593?
-206604
In base 6, what is -31540 - -2112?
-25424
In base 3, what is -10102000 + 1000012112?
212210112
In base 2, what is 1 + -11001100100011011111110?
-11001100100011011111101
In base 8, what is 104 - -664354?
664460
In base 10, what is 47560563 + 9?
47560572
In base 6, what is 1134 - -115204511?
115210045
In base 11, what is 28a - 430a2?
-42913
In base 10, what is 2415906 + -55?
2415851
In base 9, what is -33432 - -8415?
-24016
In base 10, what is 1057076 - -36?
1057112
In base 9, what is 2 + 5503605?
5503607
In base 7, what is 13434606 + -10?
13434566
In base 7, what is -1221 - 123300?
-124521
In base 10, what is 32904633 - -2?
32904635
In base 14, what is -5 + -1c266711?
-1c266716
In base 14, what is -11618a1 - 5?
-11618a6
In base 5, what is -20024433 + -10331?
-20040314
In base 10, what is 1159549 + -6?
1159543
In base 15, what is -a + 105b38?
105b2d
In base 11, what is 6932468 + 14?
6932481
In base 5, what is -10412044 + 14134?
-10342410
In base 15, what is -3bb22 - -2eb?
-3b826
In base 12, what is b1aa - b2?
b0b8
In base 4, what is -222223 + 1022311?
200022
In base 16, what is 4af - b7d?
-6ce
In base 2, what is 10000011111000011111100 - 1001?
10000011111000011110011
In base 4, what is 11 + -22002323212?
-22002323201
In base 6, what is 121555243 - 120?
121555123
In base 9, what is -1305 + -4771?
-6176
In base 10, what is 497 + -11640?
-11143
In base 4, what is 10122 + 3013210013?
3013220201
In base 11, what is -a38 - -28aa?
1972
In base 11, what is 40744a57 + -4?
40744a53
In base 2, what is 0 + 101101010110101110010?
101101010110101110010
In base 4, what is -13 + 211310211120?
211310211101
In base 15, what is -1 - -67335d?
67335c
In base 4, what is -10 - 20031213212310?
-20031213212320
In base 9, what is 2 - 3006662?
-3006660
In base 6, what is -30 - -501230?
501200
In base 11, what is 3 + -7a97a576?
-7a97a573
In base 16, what is -294750 - 1?
-294751
In base 12, what is 3a156b5 + -6?
3a156ab
In base 9, what is -343 + -11734?
-12177
In base 12, what is 1166 + 14a82?
16028
In base 12, what is a - 6a720b?
-6a7201
In base 5, what is 14041 - -33403?
102444
In base 5, what is 2232 - 1003320?
-1001033
In base 15, what is -49da - -169?
-4871
In base 13, what is -1928bba4 - 9?
-1928bbb0
In base 13, what is -22b + 59b1b?
598c0
In base 13, what is -2c1876 - -50?
-2c1826
In base 5, what is -4011214331 - 1?
-4011214332
In base 3, what is 2110211120 + 1020012?
2112001202
In base 13, what is 2c95 - 6c97?
-4002
In base 15, what is -3 + 27d8c65?
27d8c62
In base 7, what is -24204 + 152023?
124516
In base 8, what is 1773 + 76564?
100557
In base 16, what is 30f5 - c5a?
249b
In base 12, what is 270 + 2427?
2697
In base 5, what is -3442 + 4100101?
4041104
In base 9, what is 2 + 70261225?
70261227
In base 10, what is 11 + 13947688?
13947699
In base 13, what is -a5b5 - -566?
-a04c
In base 6, what is -40523 - -22450?
-14033
In base 2, what is 101000 - -1010111001?
1011100001
In base 3, what is -1 + -11221200122?
-11221200200
In base 4, what is 10300332113 - 2210?
10300323303
In base 2, what is -1110011 - -10111101111001110101?
10111101111000000010
